ommon factor of 8525783 and 1939?
1939
What is the highest common factor of 6800 and 17408?
272
What is the highest common factor of 272 and 516902?
34
Calculate the greatest common factor of 225 and 10095.
15
Calculate the highest common factor of 7857881 and 23.
23
Calculate the greatest common divisor of 1128 and 1672.
8
Calculate the greatest common divisor of 95888 and 48.
16
Calculate the highest common factor of 167 and 839.
1
Calculate the highest common factor of 58121 and 1057.
7
Calculate the greatest common divisor of 205387 and 244.
61
Calculate the highest common factor of 22161 and 267.
267
What is the greatest common factor of 183 and 57633?
3
What is the greatest common divisor of 308 and 39204?
44
What is the greatest common divisor of 72 and 177966?
18
What is the greatest common factor of 5103728 and 112?
112
Calculate the highest common factor of 39639 and 7665.
219
What is the greatest common divisor of 1551 and 308?
11
What is the highest common factor of 46164 and 156?
12
Calculate the highest common factor of 1287 and 18369.
117
Calculate the greatest common factor of 3 and 2867.
1
Calculate the greatest common factor of 10616237 and 113.
113
What is the highest common divisor of 204 and 115356?
12
Calculate the highest common divisor of 280 and 55720.
280
What is the greatest common factor of 65331 and 7137?
549
What is the highest common divisor of 105 and 277890?
15
What is the highest common factor of 9525 and 2667?
381
What is the highest common divisor of 16093 and 154413?
133
Calculate the highest common factor of 796 and 37.
1
What is the highest common divisor of 92455 and 660?
55
Calculate the greatest common divisor of 256543 and 938.
469
What is the greatest common factor of 965450 and 75?
25
What is the greatest common divisor of 10260 and 339036?
228
What is the highest common divisor of 23896 and 2088?
232
Calculate the greatest common divisor of 142131 and 354.
177
What is the highest common divisor of 822 and 19317?
411
What is the greatest common divisor of 2052 and 590220?
108
What is the greatest common divisor of 541104 and 48?
48
Calculate the highest common factor of 104220 and 60.
60
Calculate the greatest common divisor of 72 and 75132.
36
Calculate the greatest common factor of 29143 and 772.
193
What is the greatest common divisor of 72276 and 76?
76
What is the highest common factor of 35090 and 1450?
290
What is the highest common divisor of 175 and 5670?
35
Calculate the greatest common divisor of 22803 and 22.
11
What is the greatest common divisor of 339020 and 1380?
460
Calculate the greatest common divisor of 62557 and 5170.
517
Calculate the greatest common divisor of 24048 and 192.
48
What is the highest common factor of 9 and 26982?
9
What is the greatest common factor of 24885 and 567?
63
Calculate the highest common factor of 180870 and 24.
6
What is the greatest common divisor of 37263 and 16?
1
Calculate the highest common divisor of 3679 and 110936.
283
Calculate the greatest common factor of 34268 and 260.
52
What is the greatest common divisor of 23922 and 1431?
27
Calculate the greatest common divisor of 1271388 and 2222.
202
What is the greatest common divisor of 49728 and 364?
28
Calculate the greatest common divisor of 1 and 14561.
1
Calculate the greatest common factor of 207 and 101545.
23
What is the greatest common divisor of 97 and 27451?
97
Calculate the greatest common divisor of 117776 and 272.
272
Calculate the highest common divisor of 432 and 228624.
48
Calculate the highest common factor of 27 and 3673.
1
What is the greatest common factor of 392 and 395528?
392
What is the greatest common divisor of 65950 and 450?
50
Calculate the highest common divisor of 450 and 5274.
18
Calculate the greatest common divisor of 100352 and 266.
14
What is the highest common factor of 11552 and 15352?
152
What is the greatest common divisor of 4623542 and 1078?
1078
What is the greatest common divisor of 688 and 946?
86
Calculate the greatest common factor of 1309 and 748.
187
What is the greatest common divisor of 43 and 826288?
43
Calculate the highest common divisor of 8064 and 3339.
63
Calculate the greatest common divisor of 1069538 and 664.
166
Calculate the highest common divisor of 8845 and 1464.
61
Calculate the greatest common divisor of 3171 and 1707055.
1057
Calculate the highest common factor of 5355 and 34510.
595
Calculate the highest common divisor of 2 and 459568.
2
What is the highest common divisor of 1352 and 3032536?
1352
Calculate the greatest common divisor of 336814 and 2822.
166
Calculate the greatest common divisor of 512 and 5600.
32
What is the highest common divisor of 439401 and 14304?
447
Calculate the highest common divisor of 2120 and 69112.
424
What is the greatest common divisor of 6925 and 1075?
25
Calculate the greatest common divisor of 20046 and 4108.
26
What is the greatest common divisor of 99 and 1873311?
33
Calculate the highest common factor of 578214 and 182.
182
Calculate the greatest common divisor of 598 and 174317.
299
Calculate the highest common factor of 50120 and 3570.
70
What is the greatest common factor of 48155 and 5?
5
What is the highest common factor of 19796 and 11716?
404
What is the highest common factor of 744618 and 84?
42
Calculate the greatest common factor of 16512 and 19104.
96
What is the highest common factor of 99 and 31329?
9
Calculate the greatest common factor of 200 and 541180.
20
Calculate the greatest common divisor of 414 and 238326.
138
Calculate the greatest common factor of 35639 and 157.
157
What is the greatest common divisor of 5798 and 94?
2
What is the greatest common divisor of 245465 and 55?
55
What is the greatest common divisor of 19474 and 546?
182
What is the highest common factor of 30 and 12551190?
30
Calculate the highest common divisor of 261 and 47473.
29
Calculate the greatest common factor of 385120 and 5810.
830
Calculate the greatest common factor of 3525 and 77127.
141
Calculate the highest common divisor of 17131 and 11112.
463
What is the greatest common divisor of 349915 and 705?
235
What is the greatest common divisor of 87888 and 708?
12
Calculate the highest common divisor of 51313 and 16781.
97
Calculate the greatest common factor of 5 and 495625.
5
What is the greatest common factor of 71936 and 112?
16
What is the highest common divisor of 220 and 33946?
22
Calculate the highest common divisor of 30502 and 606.
202
What is the greatest common divisor of 9766 and 304?
38
What is the highest common divisor of 141133 and 14509?
1319
What is the highest common divisor of 57063 and 69?
69
What is the highest common factor of 2795 and 1247?
43
What is the greatest common divisor of 6 and 177?
3
What is the highest common factor of 45444 and 588?
84
Calculate the highest common factor of 12379974 and 606.
606
Calculate the greatest common factor of 289 and 567596.
289
What is the highest common divisor of 8 and 51624?
8
What is the highest common factor of 105 and 57820?
35
What is the highest common factor of 10 and 1718780?
10
Calculate the greatest common factor of 527816 and 136.
136
What is the greatest common factor of 22784 and 736?
32
Calculate the greatest common divisor of 19276 and 2318.
122
Calculate the highest common factor of 868 and 49259.
217
What is the highest common factor of 537801 and 2365?
473
What is the highest common factor of 155 and 5010?
5
Calculate the highest common factor of 18297 and 18832.
107
What is the greatest common divisor of 1855 and 21?
7
What is the highest common divisor of 858 and 346170?
66
Calculate the greatest common divisor of 813450 and 4590.
510
Calculate the greatest common divisor of 32989 and 33.
11
What is the greatest common divisor of 4375 and 27875?
125
Calculate the greatest common divisor of 313516 and 56.
28
What is the highest common factor of 75932 and 26854?
926
What is the greatest common divisor of 2747448 and 2772?
396
What is the highest common factor of 14921 and 129?
43
Calculate the greatest common divisor of 6110 and 494.
26
What is the highest common divisor of 4334 and 1362058?
394
What is the greatest common divisor of 24 and 533928?
24
Calculate the greatest common divisor of 170 and 1070.
10